10 - (7 + -2).
1
Evaluate 1 + (6 + -3 - 4) - 5.
-5
Evaluate -5 + (-4 - -9) + (-1 - 2).
-3
What is the value of -2 + (2 - 3) + -2?
-5
What is 0 + (-3 - 0) - (-43 - -35)?
5
Evaluate 5 + -4 - (-8 + (3 - -7)).
-1
What is the value of 2 - (0 - 0 - -2)?
0
Calculate 8 + -2 + 0 + -1.
5
What is the value of -7 + 5 - -6 - -1?
5
Evaluate 2 - -4 - (-10 + 3 + 8).
5
What is the value of 3 - 13 - -14 - (0 - -5)?
-1
(9 - 23) + 7 + (1 - -1)
-5
What is the value of 1 + (1 - 4) - -3?
1
What is -5 - (-22 - -19 - (2 + -4))?
-4
Evaluate 1 + -8 - (-7 + 3).
-3
Evaluate (-8 - (3 - 22)) + (1 - 9).
3
Evaluate 15 - (4 + (-15 - -16)).
10
Calculate 0 + 0 + (-1 - -3).
2
What is the value of 14 + (13 - 10) + -14?
3
11 + -19 + 5 - -5
2
What is (1 - 0 - 4) + (3 - 1)?
-1
Evaluate 1 + -1 - (5 + (-6 - -3)).
-2
-3 - 1 - -7 - 1
2
Evaluate -1 - (-3 - (3 - (9 + -3))).
-1
Evaluate -10 - -22 - (3 - -3).
6
Evaluate -2 + -3 + 0 + 8 - 5.
-2
-9 - -14 - ((-2 - -12) + 1)
-6
-8 - (8 + -1 - (-16 + 26))
-5
What is the value of (-43 - -44) + 0 + (-4 - -3)?
0
What is the value of 20 + -1 + -7 + -6?
6
-4 - (5 - 5) - -7 - 0
3
-3 + 2 + 4 - 0
3
What is the value of -7 + (2 - 1 - 1) + 3?
-4
-7 + (6 - (-7 - (4 + -16)))
-6
Calculate -11 + (8 - 16) - -8.
-11
Evaluate -8 + (-5 - -2 - -5).
-6
5 + (2 + -7 + 1 - -4)
5
What is the value of (-8 - -1) + (-9 - -13)?
-3
What is 2 - (6 - (2 + 5 + -10))?
-7
Evaluate -4 + (-5 - 1 - (0 + -12)).
2
What is the value of -4 + (9 - 7) + -4?
-6
Evaluate -3 + 7 + -10 + 2 + 9.
5
Evaluate -1 + -5 + (8 - -5).
7
What is the value of -8 - (5 + 4 - 9)?
-8
1 - (12 + -7 + -2 + -3)
1
Evaluate 4 + (3 - 4) - (5 - -3).
-5
Calculate (168 - 156) + -9 + 1.
4
Evaluate (1 - -1 - -5) + -8 + 8.
7
What is -4 + 3 + -3 + 3?
-1
What is the value of (-20 + 11 - -4) + 1?
-4
11 + 2 - 10 - (2 - -1)
0
What is 14 + (-3 - 6) + 2?
7
Evaluate -1 + (9 - 4) + -6.
-2
-5 - (-9 + 4) - -4
4
Calculate -4 + 5 + -2 + 4 + -8.
-5
What is the value of 0 - -3 - ((1 - -6) + -5)?
1
0 - -4 - (8 - 4)
0
Calculate -6 - (4 + -1 - 9).
0
Evaluate -7 + -1 - ((-4 - 0) + 1).
-5
What is 1 + 1 - (-3 + 4 + -3)?
4
What is the value of -5 + (18 - 6) + (2 - 6)?
3
What is -7 + (20 - (4 - 0)) - 5?
4
Calculate 2 - (-3 - -5) - 1.
-1
What is 7 - (15 + -7) - 3?
-4
What is (-11 - (8 - 18)) + -1?
-2
Evaluate 1 + -16 + 0 + 7.
-8
Calculate 0 + 4 + (2 - 8) + 2.
0
What is the value of -4 + (3 + -4 - 1) + 7?
1
-3 + (3 + -4 + -1 - -4)
-1
What is -8 - -1 - (-13 - -7)?
-1
What is 8 - (3 + 5 + 4 - 6)?
2
(1 - 4) + 0 + -2 + 4
-1
56 + -57 + 1 + -4
-4
What is the value of 5 - (-2 + 2) - (5 + 4)?
-4
What is 3 - (5 - 3 - 2)?
3
-10 - (-15 + 6 + 5)
-6
What is 5 - 0 - (27 - (17 + 0))?
-5
What is the value of -3 + (4 - 6) + (-2 - -3)?
-4
Evaluate -10 - -19 - (-4 - -7).
6
What is (-9 - (2 - 6)) + 10 - 4?
1
Evaluate -6 + (54 + -55 - (-1 - 5)).
-1
What is 4 - -2 - 0 - 12 - -13?
7
What is the value of 0 + (-9 - (3 - 8)) + 12?
8
Evaluate 3 - -4 - 5 - 0.
2
What is the value of 9 + -5 + -2 + 3?
5
Evaluate -2 + -8 + 16 + -2.
4
What is 2 + -4 + 4 + (-6 - 0)?
-4
(14 - 8) + -11 - -8
3
0 - (-4 - (-4 + 2)) - 5
-3
-1 - (-1 + 8 + -3)
-5
-21 + 23 - (0 - -6)
-4
7 - (-2 - (2 - 3))
8
Calculate (11 - (-8 - -6)) + -13.
0
-2 + (1 - (-2 + 3)) + 3
1
What is -5 - ((2 - (-2 + 5)) + 3)?
-7
(-5 - -2) + (-14 - -17)
0
What is 6 + 0 - (0 + 1)?
5
What is -4 + (6 - 6) - -5?
1
Calculate -5 + -1 + 8 + (-4 - 0).
-2
2 + (4 - (-1 + 6))
1
What is -2 + (4 - (1 - -6))?
-5
Evaluate (-12 - (-3 - (2 - 2))) + 4.
-5
Calculate (0 - -6) + (12 - 14).
4
What is 11 - 5 - (-20 - -33)?
-7
Calculate -6 + -2 + 8 + -1 + 3.
2
(-24 - -37) + 5 + -15
3
What is the value of -3 - 4 - -11 - -2?
6
Evaluate -5 + (4 - -5) + (1 - 2).
3
Evaluate (-2 - -3) + -8 - -3.
-4
Evaluate -9 + 4 + (-12 - -11) + 11.
5
-1 + 18 + -9 + -6
2
Calculate 6 + 0 + 67 + -71.
2
-1 - (-4 - 2 - -5)
0
Evaluate (-1 - (-1 - -2 - 0)) + 6.
4
-11 - -13 - (1 - (0 - 3))
-2
Calculate -1 + 7 + (234 - 245).
-5
What is the value of 2 - (7 + (-16 - -4))?
7
Calculate 1 - 0 - (-2 + -4 + 3).
4
Calculate (1 - (1 - 0)) + -2.
-2
Evaluate -22 + 14 + (1 - -2).
-5
Evaluate (6 - (0 - -2)) + -2.
2
(-6 - -10) + 0 - 2
2
What is the value of 0 + -4 + 0 + 3 - 1?
-2
5 + (4 - (3 + (-3 - -7)))
2
-2 + 2 - (2 - (0 - -4))
2
What is 1 + -5 - (0 + -1 + 1)?
-4
Calculate 38 + -33 - (4 - 0).
1
5 + (-5 - (-4 + 0)) - 13
-9
What is 0 - ((-2 - -4) + -1 - 4)?
3
0 + 0 + (6 - 2)
4
(0 - 7) + -7 + 11
-3
7 - (4 + -1 - 1)
5
Calculate -5 - (-20 - (8 - 17)).
6
(-2 - (-1 - -2)) + 7 + -5
-1
(5 - 2 - -4 - 19) + 4
-8
What is the value of (3 - 1) + (1 - 5) + -4?
-6
Evaluate -3 - ((-4 + 4 - -1) + -5).
1
3 + 3 + (1 + -2 - 0)
5
0 - (1 + (10 - 13))
2
Calculate 4 - (-3 - (0 + -1) - -6).
0
What is the value of -1 + -7 + 6 + 3?
1
Evaluate -5 + (-2 - 2) + 8.
-1
What is the value of (9 - (-8 - -21)) + 2?
-2
Evaluate 2 - (13 + -6 + -4).
-1
What is the value of -5 - (1 - (1 + -4 + 4))?
-5
Calculate -2 - 5 - (-16 + 4).
5
1 + -1 - (-61 + 64)
-3
Calculate 2 - -4 - (9 - 2).
-1
2 + -1 + 2 + (0 - 0)
3
-1 + -1 + 1 - (33 - 39)
5
What is -12 + -4 + 12 + 0?
-4
(4 - (10 - 2) - -2) + -3
-5
Calculate -9 - (0 - 12) - (2 + 8).
-7
Calculate (3 - 1) + -1 + -3 + 1.
-1
Evaluate 2 - -2 - (3 + 4).
-3
3 + -1 + 1 + -4
-1
-1 + (3 - ((2 - 1) + 5))
-4
Calculate -186 - -180 - (-2 + 1 - 1).
-4
Evaluate 1 - ((4 - 1) + -2 + -2).
2
(-1 - (-1 + -2 + -1)) + -1
2
1 + -4 - -3 - (1 - 3)
2
Calculate 3 + (-6 - -8) + -3.
2
2 + -1 + -2 + -2 - -8
5
What is the value of (2 + 5 - 12) + 4?
-1
-1 - (1 + -6) - 8 - -3
-1
Calculate -10 + (3 - (7 + -13)).
-1
Calculate 3 + -1 + (-3 - -5).
4
Calculate 3 - (-4 + 6 + -6 + 4).
3
Evaluate -1 + (31 - 30) + -3 + 0.
-3
Evaluate -4 - 0 - (60 + -65).
1
1 - 0 - (13 + -12)
0
27 + -33 - (-1 + -7)
2
Calculate (-3 + -1 - -3) + (3 - 4).
-2
-2 - ((2 - 1) + -5) - -2
4
Calculate -14 - (-2 + (5 - 12)).
-5
What is the value of -7 + -5 + 5 + 0 + 1?
-6
Evaluate -6 + (-1 - -11) + 1 + -9.
-4
Evaluate (10 + 4 - (-2 - -11)) + -8.
-3
Calculate 3 + 0 + -11 + 15.
7
-8 + 14 - ((-1 - -1) + 2)
4
Calculate -4 + 4 + 2 + 6 + -7.
1
What is -15 + -2 - -5 - -7?
-5
What is the value of 14 + -7 + -2 - (4 - 0)?
1
2 - ((0 - 2) + (2 - 1))
3
What is the value of -4 + (2 + -4 - -3)?
-3
What is the value of 6 - (3 + 3) - -1?
1
4 - (-7 - (3 + 3 + -22))
-5
Calculate 4 - (5 + (2 - 4 - -3)).
-2
Calculate 1 - (2 + -2) - (15 - 16).
2
11 - (6 + 0) - 10
-5
What is the value of (2 - (-14 - (-6 + 0))) + -4?
6
Calculate (3 - (-1 - 10)) + (-1 - 6).
7
What is the value of 13 + (5 - 6 - 19)?
-7
Evaluate -16 + 8 + 12 - (2 + 9).
-7
What is -6 + 4 + -2 + 1?
-3
What is the value of (1 - 0) + (-3 - 4) + 11?
5
What is the value of -3 - (-3 + -1 + (-5 - -4))?
2
Calculate 3 + -4 + 9 + -5.
3
Evaluate 4 + (1 - 6) + -5.
-6
What is ((3 - 1) + 2 - 2) + 1?
3
(-10 - -4) + -4 - -7
-3
What is 8 + (-4 + 7 + -5 - 1)?
5
What is the value of 6 + -15 + (5 - 0)?
-4
(-2 - 0 - 4) + 4
-2
What is the value of -8 + (8 + -7 - -4)?
-3
What is the value of -1 + -4 + 2 + (5 - 2)?
0
Evaluate 4 + (-3 - (-2 - (2 - 5))).
0
What is 2 + -1 - ((4 - 1) + -1)?
-1
Calculate 1 - 2 - (12 + 19 + -30).
-2
Calculate -6 + 6 - (10 + -16).
6
What is the value of 13 + -30 + 0 + 14?
-3
Evaluate -4 - -1 - (-5 + (1 - -2)).
-1
What is -2 + -12 + 8 + (10 - 1)?
3
What is the value of -5 + 5 - (-3 + 3 + -3)?
3
Calculate -3 + (-1 - (5 - 9)).
0
What is the value of -1 + (3 - 2) + (125 - 121)?
4
7 + (-5 - 7) + 8
3
What is the value of 9 + (-11 - -10) + -5?
3
What is -7 - (-13 + 21 - 21)?
6
Calculate -2 + -1 + (-1 - -5).
1
(18 - 6) + -14 - (-4 - -1)
1
What is the value of 7 + -3 + -4 + (-3 - -4)?
1
What is 1 - (4 + -1) - (-4 + 1)?
1
Calculate 2 - (-4 - 0) - 3.
3
8 - (12 + -9 - (-2 - 1))
2
What is -6 + (6 - (-3 - -8))?
-5
Calculate -6 - (10 + -6 + -12).
2
What is -2 + 2 - (-2 + 8 - 2)?
-4
What is (9 - 2) + -6 - (0 + 8)?
-7
0 + (2 + -6 - (-13 - -10))
-1
What is the value of 9 - 15 - -9 - (0 + 2)?
1
What is -4 + 5 + -13 + 12?
0
What is the value of 1 + 2 - (2 - -1)?
0
Calculate -10 + 0 + -1 - -9.
-2
What is the value of 9 - (-8 - (-13 - 3))?
1
Calculate -4 + 2 + (6 - 9) + -1.
-6
Calculate -9 + -5 + 9 - -1.
-4
6 + (4 - 18 - -6)
-2
What is -3 + (-6 - -14) + -3?
2
Calculate 10 + -3 + 29 + -41.
-5
Evaluate 7 - (0 + 3 - 1).
5
What is the value of (-1 - 0 - -2) + -24 + 21?
-2
8 + (5 - (-7 - -15))
5
What is 1 + (-3 - -3) + 0 + -1?
0
(-3 - ((-3 